{"id":312,"date":"2022-01-14T17:50:17","date_gmt":"2022-01-14T20:50:17","guid":{"rendered":"http:\/\/sousurdosim.com.br\/?page_id=312"},"modified":"2022-01-15T11:52:08","modified_gmt":"2022-01-15T14:52:08","slug":"filmes","status":"publish","type":"page","link":"https:\/\/sousurdosim.com.br\/index.php\/dicas\/filmes-2\/filmes\/","title":{"rendered":"Filme &#8220;O som do sil\u00eancio&#8221;"},"content":{"rendered":"<p>Lembram dos indicados ao Oscar de melhor filme de 2021?<\/p>\n<p><img loading=\"lazy\" decoding=\"async\" class=\"alignnone size-medium wp-image-317\" src=\"http:\/\/sousurdosim.com.br\/wp-content\/uploads\/2022\/01\/Som-Sil\u00eancio-Capa-300x169.png\" alt=\"\" width=\"300\" height=\"169\" srcset=\"https:\/\/sousurdosim.com.br\/wp-content\/uploads\/2022\/01\/Som-Sil\u00eancio-Capa-300x169.png 300w, https:\/\/sousurdosim.com.br\/wp-content\/uploads\/2022\/01\/Som-Sil\u00eancio-Capa.png 560w\" sizes=\"(max-width: 300px) 100vw, 300px\" \/><\/p>\n<p>Fonte: google imagens.<\/p>\n<p>O filme \u201cO som do sil\u00eancio\u201d foi indicado em 6 categorias, levando a estatueta de \u201cmelhor som\u201d. Que paradoxal, n\u00e3o \u00e9?! U\u00e9! \u00c9 sim! Levando em conta que o filme fala sobre surdez, sil\u00eancio e etc e tal. Ah, e tamb\u00e9m levou a de melhor edi\u00e7\u00e3o.<\/p>\n<p>Mas vejam a\u00ed, tanto tempo depois e somente agora venho falar com voc\u00eas da minha percep\u00e7\u00e3o sobre o filme. Afinal, eu sou surdo e foi no mais absoluto &#8220;sil\u00eancio&#8221; que eu o assisti. Bora l\u00e1?<\/p>\n<p>Ent\u00e3o, quem acompanha um pouco da minha vida sabe que a hist\u00f3ria tem l\u00e1 um pouquinho de semelhan\u00e7a com a minha. Eu tamb\u00e9m fui\/sou m\u00fasico, s\u00f3 n\u00e3o fui baterista como o protagonista do filme. E n\u00e3o \u00e9 nada agrad\u00e1vel voc\u00ea vir do mundo dos sons e do nada ficar sem ele.<\/p>\n<p>Gente, a sensa\u00e7\u00e3o da perda, da falta do mundo dos sons \u00e9 inenarr\u00e1vel, \u00e9 avassaladora. Sei que cada um tem sua forma de expressar essa terr\u00edvel sensa\u00e7\u00e3o. Eu quase enlouqueci. Lembram l\u00e1 do come\u00e7o do filme quando o protagonista percebeu que j\u00e1 n\u00e3o escutava e foi para a frente do espelho fazer movimentos com a boca? Da mesma forma eu fiz. Ficava for\u00e7ando, pressionando para ver se os ouvidos ficariam destapados. Na vida real, a situa\u00e7\u00e3o \u00e9 muito avassaladora. Voc\u00ea entra em choque mesmo. Como eu disse, cada um tem sua forma de reagir. A minha n\u00e3o foi muito legal. Talvez o protagonista pudesse ter tido a ideia junto com a equipe de tentar passar um pouco mais de realidade nesse momento, que \u00e9 um dos cruciais na vida de quem j\u00e1 foi ouvinte e passa a ser surdo. Este momento \u00e9 como um divisor de \u00e1guas na vida do &#8220;novo&#8221; surdo. A partir da\u00ed, tudo ser\u00e1 diferente, para sempre.<\/p>\n<p>Outro ponto, \u00e9 que tudo se passou no filme muito r\u00e1pido e n\u00e3o houve uma divis\u00e3o temporal did\u00e1tica para que n\u00f3s surdos melhor pud\u00e9ssemos compreender o contexto temporal dos acontecimentos do filme. Esse contexto \u00e9 essencial e n\u00e3o somente para n\u00f3s surdos. Ouvintes tamb\u00e9m precisam compreender que ap\u00f3s o diagn\u00f3stico da surdez, todos precisam de um \u201ctempo\u201d para digerir a not\u00edcia e ent\u00e3o, tomar decis\u00f5es. Eu mesmo passei quase 1 ano para pode digerir. Em outras abas desse blog, j\u00e1 comentei que tive um in\u00edcio de depress\u00e3o, justamente por n\u00e3o digerir a informa\u00e7\u00e3o como deveria.<\/p>\n<p>No filme esse momento de transi\u00e7\u00e3o n\u00e3o foi explorado e na vida real cada fam\u00edlia, cada pessoa surda que passa por este processo, entende perfeitamente o que eu estou dizendo aqui. N\u00e3o ficou claro como surgiu a ideia de o protagonista visitar a comunidade para surdos. Vejam, repito, sou surdo, n\u00e3o dava de escutar, se algo foi falado de forma proposital no filme, em um jogo que mesclava ora \u00e1udios, ora sil\u00eancio. S\u00f3 sei que isso acontecia, por leituras que fiz sobre o filme. S\u00f3 percebi que a namorada do baterista conversava ao telefone e respondia.<\/p>\n<p>Outro ponto muito interessante est\u00e1 na visita ao m\u00e9dico por primeiro que o baterista foi, apesar de ter sido uma r\u00e1pida consulta e o m\u00e9dico pedir que ele retornasse outras vezes para melhor compreender o problema, de cara o m\u00e9dico j\u00e1 fala da possiblidade do Implante coclear. Assim, como na vida real, a maioria ou sen\u00e3o, todas as cl\u00ednicas e hospitais, nunca nos d\u00e3o a possibilidade da outra face da moeda, que \u00e9 o conhecimento da cultura surda. Muito embora a personagem tenha esse contato depois, mas vale lembrar que n\u00e3o surgiu do m\u00e9dico essa alternativa. H\u00e1 sempre um enobrecimento da surdez enquanto patologia e nunca uma concep\u00e7\u00e3o s\u00f3cioantropol\u00f3gica, fazendo o outro perceber que \u00e9 poss\u00edvel viver com suas diferen\u00e7as.<\/p>\n<p>Por v\u00e1rias vezes me identifiquei assistindo ao filme e quando isso acontecia era dif\u00edcil de segurar as l\u00e1grimas. At\u00e9 pensei por alguns instantes em desligar a TV e n\u00e3o continuar assistindo, por medo de com o filme eu reviver as mesmas dores do in\u00edcio da minha nova condi\u00e7\u00e3o. Mas n\u00e3o, agora mais forte, dono de mim, da minha nova condi\u00e7\u00e3o, consegui reviver o que se assemelhava \u00e0 minha trajet\u00f3ria e sentir menos dores e c\u00e1 estou, comentando com voc\u00eas, minha percep\u00e7\u00e3o.<\/p>\n<p>Outro assunto de bastante pertin\u00eancia, que embora possa parecer ter ficado em segundo plano no filme, est\u00e1 a participa\u00e7\u00e3o do protagonista em quest\u00f5es pr\u00f3prias da comunidade surda. Assistindo alguns v\u00eddeos e lendo alguns textos sobre este filme, encontrei um material que segue, at\u00e9 certo ponto e de maneira velada, o estere\u00f3tipo da surdez enquanto doen\u00e7a, pass\u00edvel de ser curada, contornada. E essa ideia falsamente \u00e9 forjada na concep\u00e7\u00e3o err\u00f4nea por alguns que interpretaram, em achar que o protagonista que passou a maior parte do filme desejando uma cirurgia, quando a teve, se deu por satisfeito e feliz.<\/p>\n<p>Ou seja, alguns comentadores do filme, enfatizaram o uso do implante como o milagre da ci\u00eancia para um surdo poder voltar a \u201couvir\u201d. N\u00e3o, n\u00e3o \u00e9 t\u00e3o simples assim! Foi exatamente em comunidade que a todo instante a verdadeira mensagem do filme se passava. Foi na comunidade surda que residiu o verdadeiro esp\u00edrito da causa da cultura surda como uma condi\u00e7\u00e3o socioantropol\u00f3gica. O senhorzinho, gestor da comunidade para surdos, j\u00e1 no primeiro encontro com o protagonista, ao se apresentar, falou que perdeu sua audi\u00e7\u00e3o quando, em guerra, uma bomba estourou pr\u00f3ximo a ele e junto a audi\u00e7\u00e3o, perdeu tamb\u00e9m sua fam\u00edlia. Mas frisou que a perdeu \u201cn\u00e3o por ser surdo\u201d, mas por ser alco\u00f3latra. Ainda em seu di\u00e1logo, deixou claro ao usar a fala mais ou menos assim, ao apontar o dedo para si e dizer que quem estava l\u00e1 era para tratar a mente e n\u00e3o a audi\u00e7\u00e3o. Isso \u00e9 um processo de aceita\u00e7\u00e3o, de perceber que h\u00e1 in\u00fameras possibilidades, agora sem ouvir, de interagir com o mundo e com seus pares.<\/p>\n<p>E vejam, isso \u00e9 vivido pelo personagem que \u2013 embora por falha did\u00e1tica temporal, n\u00e3o tenhamos percebido o tempo \u2013 ele aprendeu a l\u00edngua de sinais, que para isso ser poss\u00edvel \u00e9 preciso de tempo e dedica\u00e7\u00e3o, e convivia perfeitamente em sociedade. Outro momento que fica bem clara essa mensagem do filme como enobrecimento dessa nova forma de intera\u00e7\u00e3o com o mundo, mas a partir das m\u00e3os, est\u00e1 no retorno do protagonista para a comunidade. J\u00e1 implantado, ele pede para ficar por l\u00e1 por uns 4 dias at\u00e9 o implante ser ativado, quando o surdo respons\u00e1vel pelo local n\u00e3o o aceita, por infringir as regras e dentre elas, a principal: \u201ca de que a surdez n\u00e3o precisava de conserto\u201d.<\/p>\n<p>Por tanto, o filme conta uma hist\u00f3ria bem parecida com a de boa parte de n\u00f3s surdos, apesar de poder ter explorado muito mais. Mas deixando sempre a mensagem, inclusive no seu final, de que o senhorzinho surdo, respons\u00e1vel pela comunidade no filme, tinha raz\u00e3o, de que n\u00e3o vai adiantar consertar algo, quando a mente n\u00e3o vai nada bem.<\/p>\n<p>Gostaria ainda de salientar que sei que existem surdos implantados felizes com seus implantes, mas estes tamb\u00e9m precisam saber que os surdos que n\u00e3o ouvem e s\u00e3o sinalizantes, tamb\u00e9m podem ser felizes e n\u00e3o necessariamente vivendo na ang\u00fastia ininterrupta da busca pela cura, pelo consertar algo.<\/p>\n","protected":false},"excerpt":{"rendered":"<p>Lembram dos indicados ao Oscar de melhor filme de 2021? Fonte: google imagens. O filme \u201cO som do sil\u00eancio\u201d foi indicado em 6 categorias, levando a estatueta de \u201cmelhor som\u201d. Que paradoxal, n\u00e3o \u00e9?! U\u00e9! \u00c9 sim! Levando em conta que o filme fala sobre surdez, sil\u00eancio e etc e tal. Ah, e tamb\u00e9m levou &#8230; <a title=\"Filme &#8220;O som do sil\u00eancio&#8221;\" class=\"read-more\" href=\"https:\/\/sousurdosim.com.br\/index.php\/dicas\/filmes-2\/filmes\/\" aria-label=\"Read more about Filme &#8220;O som do sil\u00eancio&#8221;\">Read more<\/a><\/p>\n","protected":false},"author":1,"featured_media":0,"parent":329,"menu_order":0,"comment_status":"closed","ping_status":"closed","template":"","meta":{"footnotes":""},"_links":{"self":[{"href":"https:\/\/sousurdosim.com.br\/index.php\/wp-json\/wp\/v2\/pages\/312"}],"collection":[{"href":"https:\/\/sousurdosim.com.br\/index.php\/wp-json\/wp\/v2\/pages"}],"about":[{"href":"https:\/\/sousurdosim.com.br\/index.php\/wp-json\/wp\/v2\/types\/page"}],"author":[{"embeddable":true,"href":"https:\/\/sousurdosim.com.br\/index.php\/wp-json\/wp\/v2\/users\/1"}],"replies":[{"embeddable":true,"href":"https:\/\/sousurdosim.com.br\/index.php\/wp-json\/wp\/v2\/comments?post=312"}],"version-history":[{"count":14,"href":"https:\/\/sousurdosim.com.br\/index.php\/wp-json\/wp\/v2\/pages\/312\/revisions"}],"predecessor-version":[{"id":332,"href":"https:\/\/sousurdosim.com.br\/index.php\/wp-json\/wp\/v2\/pages\/312\/revisions\/332"}],"up":[{"embeddable":true,"href":"https:\/\/sousurdosim.com.br\/index.php\/wp-json\/wp\/v2\/pages\/329"}],"wp:attachment":[{"href":"https:\/\/sousurdosim.com.br\/index.php\/wp-json\/wp\/v2\/media?parent=312"}],"curies":[{"name":"wp","href":"https:\/\/api.w.org\/{rel}","templated":true}]}}